{"id":38,"date":"2022-06-10T18:10:48","date_gmt":"2022-06-10T18:10:48","guid":{"rendered":"https:\/\/world2077.link\/index.php\/homepage\/"},"modified":"2024-06-21T21:21:10","modified_gmt":"2024-06-22T02:21:10","slug":"homepage","status":"publish","type":"page","link":"https:\/\/world2077.link\/","title":{"rendered":"Home"},"content":{"rendered":"<div class=\"wp-block-cover is-light\"><span aria-hidden=\"true\" class=\"wp-block-cover__background has-background-dim-0 has-background-dim\"><\/span><video class=\"wp-block-cover__video-background intrinsic-ignore\" autoplay muted loop playsinline src=\"https:\/\/world2077.link\/wp-content\/uploads\/2022\/11\/My-VideoCANTI.mp4\" data-object-fit=\"cover\"><\/video><div class=\"wp-block-cover__inner-container is-layout-flow wp-block-cover-is-layout-flow\"><p><\/p>\n\n<p><\/p>\n\n<p><\/p>\n\n<h2 class=\"wp-block-heading has-normal-font-size\"><\/h2>\n\n<p class=\"has-text-align-center has-normal-font-size\"><code><kbd>Here you will find many more things. very useful, in fact the most Useful things!<\/kbd><\/code><\/p>\n\n<p class=\"has-text-align-center has-normal-font-size\"><\/p>\n\n<h2 class=\"wp-block-heading has-normal-font-size\"><\/h2>\n\n<p class=\"has-text-align-center is-style-plain has-normal-font-size\"><\/p>\n\n<div class=\"wp-block-button aligncenter\"><a class=\"wp-block-button__link wp-element-button\" href=\"https:\/\/world2077.link\/index.php\/shop\/\">Go shopping<\/a><\/div><\/div><\/div><h2 class=\"wp-block-heading has-text-align-center\">New Products<\/h2><div data-block-name=\"woocommerce\/product-best-sellers\" data-content-visibility=\"{&quot;title&quot;:true,&quot;price&quot;:true,&quot;rating&quot;:true,&quot;button&quot;:true}\" data-stock-status=\"[&quot;instock&quot;,&quot;outofstock&quot;,&quot;onbackorder&quot;]\" class=\"wc-block-grid wp-block-product-best-sellers wc-block-product-best-sellers has-3-columns has-multiple-rows\"><ul class=\"wc-block-grid__products\"><li class=\"wc-block-grid__product\">\n\t\t\t\t<a href=\"https:\/\/world2077.link\/index.php\/product\/the-ultimate-guide-for-maximize-your-bike-performance\/\" class=\"wc-block-grid__product-link\">\n\t\t\t\t\t\n\t\t\t\t\t<div class=\"wc-block-grid__product-image\"><img fetchpriority=\"high\" decoding=\"async\" width=\"300\" height=\"300\" src=\"https:\/\/world2077.link\/wp-content\/uploads\/2023\/11\/IMG_20231107_001426-300x300.jpg\" class=\"attachment-woocommerce_thumbnail size-woocommerce_thumbnail\" alt=\"The ultimate guide for maximize your Bike performance\" srcset=\"https:\/\/world2077.link\/wp-content\/uploads\/2023\/11\/IMG_20231107_001426-300x300.jpg 300w, https:\/\/world2077.link\/wp-content\/uploads\/2023\/11\/IMG_20231107_001426-250x250.jpg 250w, https:\/\/world2077.link\/wp-content\/uploads\/2023\/11\/IMG_20231107_001426-600x600.jpg 600w, https:\/\/world2077.link\/wp-content\/uploads\/2023\/11\/IMG_20231107_001426-1024x1024.jpg 1024w, https:\/\/world2077.link\/wp-content\/uploads\/2023\/11\/IMG_20231107_001426-150x150.jpg 150w, https:\/\/world2077.link\/wp-content\/uploads\/2023\/11\/IMG_20231107_001426-768x768.jpg 768w, https:\/\/world2077.link\/wp-content\/uploads\/2023\/11\/IMG_20231107_001426.jpg 1080w\" sizes=\"(max-width: 300px) 100vw, 300px\" \/><\/div>\n\t\t\t\t\t<div class=\"wc-block-grid__product-title\">The ultimate guide for maximize your Bike performance<\/div>\n\t\t\t\t<\/a>\n\t\t\t\t<div class=\"wc-block-grid__product-price price\"><del aria-hidden=\"true\"><span class=\"woocommerce-Price-amount amount\"><span class=\"woocommerce-Price-currencySymbol\">&#036;<\/span>&nbsp;1.099<\/span><\/del> <span class=\"screen-reader-text\">Original price was: &#036;&nbsp;1.099.<\/span><ins aria-hidden=\"true\"><span class=\"woocommerce-Price-amount amount\"><span class=\"woocommerce-Price-currencySymbol\">&#036;<\/span>&nbsp;1<\/span><\/ins><span class=\"screen-reader-text\">Current price is: &#036;&nbsp;1.<\/span><\/div>\n\t\t\t\t\n\t\t\t\t<div class=\"wp-block-button wc-block-grid__product-add-to-cart\"><a href=\"?add-to-cart=224\" aria-label=\"A\u00f1adir al carrito: &ldquo;The ultimate guide for maximize your Bike performance&rdquo;\" data-quantity=\"1\" data-product_id=\"224\" data-product_sku=\"\" data-price=\"1\" rel=\"nofollow\" class=\"wp-block-button__link  add_to_cart_button ajax_add_to_cart\">A\u00f1adir al carrito<\/a><\/div>\n\t\t\t<\/li><li class=\"wc-block-grid__product\">\n\t\t\t\t<a href=\"https:\/\/world2077.link\/index.php\/product\/time-machine-bike\/\" class=\"wc-block-grid__product-link\">\n\t\t\t\t\t\n\t\t\t\t\t<div class=\"wc-block-grid__product-image\"><img decoding=\"async\" width=\"300\" height=\"300\" src=\"https:\/\/world2077.link\/wp-content\/uploads\/2023\/10\/IMG_20231021_205428-scaled-300x300.jpg\" class=\"attachment-woocommerce_thumbnail size-woocommerce_thumbnail\" alt=\"Time Machine Bike\" srcset=\"https:\/\/world2077.link\/wp-content\/uploads\/2023\/10\/IMG_20231021_205428-scaled-300x300.jpg 300w, https:\/\/world2077.link\/wp-content\/uploads\/2023\/10\/IMG_20231021_205428-scaled-250x250.jpg 250w, https:\/\/world2077.link\/wp-content\/uploads\/2023\/10\/IMG_20231021_205428-150x150.jpg 150w\" sizes=\"(max-width: 300px) 100vw, 300px\" \/><\/div>\n\t\t\t\t\t<div class=\"wc-block-grid__product-title\">Time Machine Bike<\/div>\n\t\t\t\t<\/a>\n\t\t\t\t<div class=\"wc-block-grid__product-price price\"><del aria-hidden=\"true\"><span class=\"woocommerce-Price-amount amount\"><span class=\"woocommerce-Price-currencySymbol\">&#036;<\/span>&nbsp;3.999<\/span><\/del> <span class=\"screen-reader-text\">Original price was: &#036;&nbsp;3.999.<\/span><ins aria-hidden=\"true\"><span class=\"woocommerce-Price-amount amount\"><span class=\"woocommerce-Price-currencySymbol\">&#036;<\/span>&nbsp;3.199<\/span><\/ins><span class=\"screen-reader-text\">Current price is: &#036;&nbsp;3.199.<\/span><\/div>\n\t\t\t\t\n\t\t\t\t<div class=\"wp-block-button wc-block-grid__product-add-to-cart\"><a href=\"?add-to-cart=205\" aria-label=\"A\u00f1adir al carrito: &ldquo;Time Machine Bike&rdquo;\" data-quantity=\"1\" data-product_id=\"205\" data-product_sku=\"trua2ftf75987230\" data-price=\"3199\" rel=\"nofollow\" class=\"wp-block-button__link  add_to_cart_button ajax_add_to_cart\">A\u00f1adir al carrito<\/a><\/div>\n\t\t\t<\/li><li class=\"wc-block-grid__product\">\n\t\t\t\t<a href=\"https:\/\/world2077.link\/index.php\/product\/cream-removes-pain\/\" class=\"wc-block-grid__product-link\">\n\t\t\t\t\t\n\t\t\t\t\t<div class=\"wc-block-grid__product-image\"><img decoding=\"async\" width=\"300\" height=\"300\" src=\"https:\/\/world2077.link\/wp-content\/uploads\/2022\/06\/e1b99ae6-a6dd-4a79-82c4-8799309e59ed-300x300.jpg\" class=\"attachment-woocommerce_thumbnail size-woocommerce_thumbnail\" alt=\"cream removes pain\" srcset=\"https:\/\/world2077.link\/wp-content\/uploads\/2022\/06\/e1b99ae6-a6dd-4a79-82c4-8799309e59ed-300x300.jpg 300w, https:\/\/world2077.link\/wp-content\/uploads\/2022\/06\/e1b99ae6-a6dd-4a79-82c4-8799309e59ed-250x250.jpg 250w, https:\/\/world2077.link\/wp-content\/uploads\/2022\/06\/e1b99ae6-a6dd-4a79-82c4-8799309e59ed-150x150.jpg 150w, https:\/\/world2077.link\/wp-content\/uploads\/2022\/06\/e1b99ae6-a6dd-4a79-82c4-8799309e59ed-324x324.jpg 324w, https:\/\/world2077.link\/wp-content\/uploads\/2022\/06\/e1b99ae6-a6dd-4a79-82c4-8799309e59ed-100x100.jpg 100w\" sizes=\"(max-width: 300px) 100vw, 300px\" \/><\/div>\n\t\t\t\t\t<div class=\"wc-block-grid__product-title\">cream removes pain<\/div>\n\t\t\t\t<\/a>\n\t\t\t\t<div class=\"wc-block-grid__product-price price\"><del aria-hidden=\"true\"><span class=\"woocommerce-Price-amount amount\"><span class=\"woocommerce-Price-currencySymbol\">&#036;<\/span>&nbsp;13<\/span><\/del> <span class=\"screen-reader-text\">Original price was: &#036;&nbsp;13.<\/span><ins aria-hidden=\"true\"><span class=\"woocommerce-Price-amount amount\"><span class=\"woocommerce-Price-currencySymbol\">&#036;<\/span>&nbsp;12<\/span><\/ins><span class=\"screen-reader-text\">Current price is: &#036;&nbsp;12.<\/span><\/div>\n\t\t\t\t\n\t\t\t\t<div class=\"wp-block-button wc-block-grid__product-add-to-cart\"><a href=\"?add-to-cart=32\" aria-label=\"A\u00f1adir al carrito: &ldquo;cream removes pain&rdquo;\" data-quantity=\"1\" data-product_id=\"32\" data-product_sku=\"\" data-price=\"11.99\" rel=\"nofollow\" class=\"wp-block-button__link  add_to_cart_button ajax_add_to_cart\">A\u00f1adir al carrito<\/a><\/div>\n\t\t\t<\/li><li class=\"wc-block-grid__product\">\n\t\t\t\t<a href=\"https:\/\/world2077.link\/index.php\/product\/multifxhless\/\" class=\"wc-block-grid__product-link\">\n\t\t\t\t\t\n\t\t\t\t\t<div class=\"wc-block-grid__product-image\"><img loading=\"lazy\" decoding=\"async\" width=\"300\" height=\"300\" src=\"https:\/\/world2077.link\/wp-content\/uploads\/2025\/08\/IMG_20260215_122153-300x300.jpg\" class=\"attachment-woocommerce_thumbnail size-woocommerce_thumbnail\" alt=\"Multieffects Headless 6 strings Electric Guitar\" srcset=\"https:\/\/world2077.link\/wp-content\/uploads\/2025\/08\/IMG_20260215_122153-300x300.jpg 300w, https:\/\/world2077.link\/wp-content\/uploads\/2025\/08\/IMG_20260215_122153-1024x1024.jpg 1024w, https:\/\/world2077.link\/wp-content\/uploads\/2025\/08\/IMG_20260215_122153-150x150.jpg 150w, https:\/\/world2077.link\/wp-content\/uploads\/2025\/08\/IMG_20260215_122153-768x769.jpg 768w, https:\/\/world2077.link\/wp-content\/uploads\/2025\/08\/IMG_20260215_122153-600x601.jpg 600w, https:\/\/world2077.link\/wp-content\/uploads\/2025\/08\/IMG_20260215_122153-250x250.jpg 250w, https:\/\/world2077.link\/wp-content\/uploads\/2025\/08\/IMG_20260215_122153.jpg 1080w\" sizes=\"(max-width: 300px) 100vw, 300px\" \/><\/div>\n\t\t\t\t\t<div class=\"wc-block-grid__product-title\">Multieffects Headless 6 strings Electric Guitar<\/div>\n\t\t\t\t<\/a>\n\t\t\t\t<div class=\"wc-block-grid__product-price price\"><del aria-hidden=\"true\"><span class=\"woocommerce-Price-amount amount\"><span class=\"woocommerce-Price-currencySymbol\">&#036;<\/span>&nbsp;2.999<\/span><\/del> <span class=\"screen-reader-text\">Original price was: &#036;&nbsp;2.999.<\/span><ins aria-hidden=\"true\"><span class=\"woocommerce-Price-amount amount\"><span class=\"woocommerce-Price-currencySymbol\">&#036;<\/span>&nbsp;1.799<\/span><\/ins><span class=\"screen-reader-text\">Current price is: &#036;&nbsp;1.799.<\/span><\/div>\n\t\t\t\t\n\t\t\t\t<div class=\"wp-block-button wc-block-grid__product-add-to-cart\"><a href=\"?add-to-cart=317\" aria-label=\"A\u00f1adir al carrito: &ldquo;Multieffects Headless 6 strings Electric Guitar&rdquo;\" data-quantity=\"1\" data-product_id=\"317\" data-product_sku=\"Mfxlss4573\" data-price=\"1799\" rel=\"nofollow\" class=\"wp-block-button__link  add_to_cart_button ajax_add_to_cart\">A\u00f1adir al carrito<\/a><\/div>\n\t\t\t<\/li><li class=\"wc-block-grid__product\">\n\t\t\t\t<a href=\"https:\/\/world2077.link\/index.php\/product\/12-strings-acoustic-guitar\/\" class=\"wc-block-grid__product-link\">\n\t\t\t\t\t\n\t\t\t\t\t<div class=\"wc-block-grid__product-image\"><img loading=\"lazy\" decoding=\"async\" width=\"300\" height=\"300\" src=\"https:\/\/world2077.link\/wp-content\/uploads\/2024\/11\/XRecorder_01112024_010315-1-300x300.jpg\" class=\"attachment-woocommerce_thumbnail size-woocommerce_thumbnail\" alt=\"12 strings acoustic guitar\" srcset=\"https:\/\/world2077.link\/wp-content\/uploads\/2024\/11\/XRecorder_01112024_010315-1-300x300.jpg 300w, https:\/\/world2077.link\/wp-content\/uploads\/2024\/11\/XRecorder_01112024_010315-1-150x150.jpg 150w, https:\/\/world2077.link\/wp-content\/uploads\/2024\/11\/XRecorder_01112024_010315-1-250x250.jpg 250w\" sizes=\"(max-width: 300px) 100vw, 300px\" \/><\/div>\n\t\t\t\t\t<div class=\"wc-block-grid__product-title\">12 strings acoustic guitar<\/div>\n\t\t\t\t<\/a>\n\t\t\t\t<div class=\"wc-block-grid__product-price price\"><del aria-hidden=\"true\"><span class=\"woocommerce-Price-amount amount\"><span class=\"woocommerce-Price-currencySymbol\">&#036;<\/span>&nbsp;3.999<\/span><\/del> <span class=\"screen-reader-text\">Original price was: &#036;&nbsp;3.999.<\/span><ins aria-hidden=\"true\"><span class=\"woocommerce-Price-amount amount\"><span class=\"woocommerce-Price-currencySymbol\">&#036;<\/span>&nbsp;2.090<\/span><\/ins><span class=\"screen-reader-text\">Current price is: &#036;&nbsp;2.090.<\/span><\/div>\n\t\t\t\t\n\t\t\t\t<div class=\"wp-block-button wc-block-grid__product-add-to-cart\"><a href=\"?add-to-cart=302\" aria-label=\"A\u00f1adir al carrito: &ldquo;12 strings acoustic guitar&rdquo;\" data-quantity=\"1\" data-product_id=\"302\" data-product_sku=\"96g-27-12strings-a\" data-price=\"2090\" rel=\"nofollow\" class=\"wp-block-button__link  add_to_cart_button ajax_add_to_cart\">A\u00f1adir al carrito<\/a><\/div>\n\t\t\t<\/li><li class=\"wc-block-grid__product\">\n\t\t\t\t<a href=\"https:\/\/world2077.link\/index.php\/product\/12strings\/\" class=\"wc-block-grid__product-link\">\n\t\t\t\t\t\n\t\t\t\t\t<div class=\"wc-block-grid__product-image\"><img loading=\"lazy\" decoding=\"async\" width=\"300\" height=\"300\" src=\"https:\/\/world2077.link\/wp-content\/uploads\/2024\/11\/XRecorder_01112024_010457-300x300.jpg\" class=\"attachment-woocommerce_thumbnail size-woocommerce_thumbnail\" alt=\"12 strings Electric guitar white\/personalized\" srcset=\"https:\/\/world2077.link\/wp-content\/uploads\/2024\/11\/XRecorder_01112024_010457-300x300.jpg 300w, https:\/\/world2077.link\/wp-content\/uploads\/2024\/11\/XRecorder_01112024_010457-150x150.jpg 150w, https:\/\/world2077.link\/wp-content\/uploads\/2024\/11\/XRecorder_01112024_010457-250x250.jpg 250w\" sizes=\"(max-width: 300px) 100vw, 300px\" \/><\/div>\n\t\t\t\t\t<div class=\"wc-block-grid__product-title\">12 strings Electric guitar white\/personalized<\/div>\n\t\t\t\t<\/a>\n\t\t\t\t<div class=\"wc-block-grid__product-price price\"><del aria-hidden=\"true\"><span class=\"woocommerce-Price-amount amount\"><span class=\"woocommerce-Price-currencySymbol\">&#036;<\/span>&nbsp;3.999<\/span><\/del> <span class=\"screen-reader-text\">Original price was: &#036;&nbsp;3.999.<\/span><ins aria-hidden=\"true\"><span class=\"woocommerce-Price-amount amount\"><span class=\"woocommerce-Price-currencySymbol\">&#036;<\/span>&nbsp;2.999<\/span><\/ins><span class=\"screen-reader-text\">Current price is: &#036;&nbsp;2.999.<\/span><\/div>\n\t\t\t\t\n\t\t\t\t<div class=\"wp-block-button wc-block-grid__product-add-to-cart\"><a href=\"?add-to-cart=293\" aria-label=\"A\u00f1adir al carrito: &ldquo;12 strings Electric guitar white\/personalized&rdquo;\" data-quantity=\"1\" data-product_id=\"293\" data-product_sku=\"96g-27-12strings-e\" data-price=\"2999\" rel=\"nofollow\" class=\"wp-block-button__link  add_to_cart_button ajax_add_to_cart\">A\u00f1adir al carrito<\/a><\/div>\n\t\t\t<\/li><li class=\"wc-block-grid__product\">\n\t\t\t\t<a href=\"https:\/\/world2077.link\/index.php\/product\/an-armor-select-the-material\/\" class=\"wc-block-grid__product-link\">\n\t\t\t\t\t\n\t\t\t\t\t<div class=\"wc-block-grid__product-image\"><img loading=\"lazy\" decoding=\"async\" width=\"300\" height=\"300\" src=\"https:\/\/world2077.link\/wp-content\/uploads\/2024\/05\/IMG_20240507_153350-300x300.jpg\" class=\"attachment-woocommerce_thumbnail size-woocommerce_thumbnail\" alt=\"An Armor (select the material)\" srcset=\"https:\/\/world2077.link\/wp-content\/uploads\/2024\/05\/IMG_20240507_153350-300x300.jpg 300w, https:\/\/world2077.link\/wp-content\/uploads\/2024\/05\/IMG_20240507_153350-150x150.jpg 150w, https:\/\/world2077.link\/wp-content\/uploads\/2024\/05\/IMG_20240507_153350-250x250.jpg 250w\" sizes=\"(max-width: 300px) 100vw, 300px\" \/><\/div>\n\t\t\t\t\t<div class=\"wc-block-grid__product-title\">An Armor (select the material)<\/div>\n\t\t\t\t<\/a>\n\t\t\t\t<div class=\"wc-block-grid__product-price price\"><\/div>\n\t\t\t\t\n\t\t\t\t<div class=\"wp-block-button wc-block-grid__product-add-to-cart\"><a href=\"https:\/\/world2077.link\/index.php\/product\/an-armor-select-the-material\/\" aria-label=\"Lee m\u00e1s sobre &ldquo;An Armor (select the material)&rdquo;\" data-quantity=\"1\" data-product_id=\"273\" data-product_sku=\"\" data-price=\"0\" rel=\"nofollow\" class=\"wp-block-button__link  add_to_cart_button\">Leer m\u00e1s<\/a><\/div>\n\t\t\t<\/li><li class=\"wc-block-grid__product\">\n\t\t\t\t<a href=\"https:\/\/world2077.link\/index.php\/product\/new-formula-whithout-ght\/\" class=\"wc-block-grid__product-link\">\n\t\t\t\t\t\n\t\t\t\t\t<div class=\"wc-block-grid__product-image\"><img loading=\"lazy\" decoding=\"async\" width=\"300\" height=\"225\" src=\"https:\/\/world2077.link\/wp-content\/uploads\/2024\/04\/IMG_20240415_214548-300x225.png\" class=\"attachment-woocommerce_thumbnail size-woocommerce_thumbnail\" alt=\"New formula whithout GHT\" \/><\/div>\n\t\t\t\t\t<div class=\"wc-block-grid__product-title\">New formula whithout GHT<\/div>\n\t\t\t\t<\/a>\n\t\t\t\t<div class=\"wc-block-grid__product-price price\"><del aria-hidden=\"true\"><span class=\"woocommerce-Price-amount amount\"><span class=\"woocommerce-Price-currencySymbol\">&#036;<\/span>&nbsp;30<\/span><\/del> <span class=\"screen-reader-text\">Original price was: &#036;&nbsp;30.<\/span><ins aria-hidden=\"true\"><span class=\"woocommerce-Price-amount amount\"><span class=\"woocommerce-Price-currencySymbol\">&#036;<\/span>&nbsp;20<\/span><\/ins><span class=\"screen-reader-text\">Current price is: &#036;&nbsp;20.<\/span><\/div>\n\t\t\t\t\n\t\t\t\t<div class=\"wp-block-button wc-block-grid__product-add-to-cart\"><a href=\"?add-to-cart=265\" aria-label=\"A\u00f1adir al carrito: &ldquo;New formula whithout GHT&rdquo;\" data-quantity=\"1\" data-product_id=\"265\" data-product_sku=\"\" data-price=\"19.99\" rel=\"nofollow\" class=\"wp-block-button__link  add_to_cart_button ajax_add_to_cart\">A\u00f1adir al carrito<\/a><\/div>\n\t\t\t<\/li><li class=\"wc-block-grid__product\">\n\t\t\t\t<a href=\"https:\/\/world2077.link\/index.php\/product\/ecube-solar-electric-four-sided-powered\/\" class=\"wc-block-grid__product-link\">\n\t\t\t\t\t\n\t\t\t\t\t<div class=\"wc-block-grid__product-image\"><img loading=\"lazy\" decoding=\"async\" width=\"300\" height=\"251\" src=\"https:\/\/world2077.link\/wp-content\/uploads\/2024\/04\/IMG_20240412_002431-300x251.jpg\" class=\"attachment-woocommerce_thumbnail size-woocommerce_thumbnail\" alt=\"eCube: solar electric four sided (powered)\" \/><\/div>\n\t\t\t\t\t<div class=\"wc-block-grid__product-title\">eCube: solar electric four sided (powered)<\/div>\n\t\t\t\t<\/a>\n\t\t\t\t<div class=\"wc-block-grid__product-price price\"><del aria-hidden=\"true\"><span class=\"woocommerce-Price-amount amount\"><span class=\"woocommerce-Price-currencySymbol\">&#036;<\/span>&nbsp;299<\/span><\/del> <span class=\"screen-reader-text\">Original price was: &#036;&nbsp;299.<\/span><ins aria-hidden=\"true\"><span class=\"woocommerce-Price-amount amount\"><span class=\"woocommerce-Price-currencySymbol\">&#036;<\/span>&nbsp;199<\/span><\/ins><span class=\"screen-reader-text\">Current price is: &#036;&nbsp;199.<\/span><\/div>\n\t\t\t\t\n\t\t\t\t<div class=\"wp-block-button wc-block-grid__product-add-to-cart\"><a href=\"?add-to-cart=235\" aria-label=\"A\u00f1adir al carrito: &ldquo;eCube: solar electric four sided (powered)&rdquo;\" data-quantity=\"1\" data-product_id=\"235\" data-product_sku=\"\" data-price=\"199\" rel=\"nofollow\" class=\"wp-block-button__link  add_to_cart_button ajax_add_to_cart\">A\u00f1adir al carrito<\/a><\/div>\n\t\t\t<\/li><\/ul><\/div><p style=\"font-size:10px\">Se ha descubierto 0.02 ui de grafeno en el compuesto activo de las cremas, producto de la combusti\u00f3n de acetileno en fase de producci\u00f3n, subproducto que no es nocivo para la salud; esta cantidad es suficiente para coadyuvar los beneficios de los dem\u00e1s compuestos y la eficiencia del producto final sobre el organismo.<\/p><div class=\"wp-block-media-text alignwide has-media-on-the-right is-stacked-on-mobile\" style=\"grid-template-columns:auto 74%\"><div class=\"wp-block-media-text__content\"><p class=\"has-large-font-size\">Next<\/p><\/div><figure class=\"wp-block-media-text__media\"><video controls src=\"https:\/\/world2077.link\/wp-content\/uploads\/2022\/08\/My-Video1.mp4\"><\/video><\/figure><\/div><div class=\"wp-block-media-text alignwide is-stacked-on-mobile\" style=\"grid-template-columns:75% auto\"><figure class=\"wp-block-media-text__media\"><video controls src=\"https:\/\/world2077.link\/wp-content\/uploads\/2022\/06\/My-Videocy.mp4\"><\/video><\/figure><div class=\"wp-block-media-text__content\"><p class=\"has-large-font-size\">There is another product that will solve part of your life.<\/p><\/div><\/div><div class=\"wp-block-media-text alignwide has-media-on-the-right is-stacked-on-mobile\" style=\"grid-template-columns:auto 74%\"><div class=\"wp-block-media-text__content\"><p class=\"has-large-font-size\">NEXT!<\/p><\/div><figure class=\"wp-block-media-text__media\"><video controls src=\"https:\/\/world2077.link\/wp-content\/uploads\/2022\/08\/My-Video.mp4\"><\/video><\/figure><\/div>","protected":false},"excerpt":{"rendered":"<p>New Products Se ha descubierto 0.02 ui de grafeno en el compuesto activo de las cremas, producto de la combusti\u00f3n<\/p>\n","protected":false},"author":1,"featured_media":0,"parent":0,"menu_order":0,"comment_status":"closed","ping_status":"closed","template":"","meta":{"_monsterinsights_skip_tracking":false,"_monsterinsights_sitenote_active":false,"_monsterinsights_sitenote_note":"","_monsterinsights_sitenote_category":0,"footnotes":""},"_links":{"self":[{"href":"https:\/\/world2077.link\/index.php\/wp-json\/wp\/v2\/pages\/38"}],"collection":[{"href":"https:\/\/world2077.link\/index.php\/wp-json\/wp\/v2\/pages"}],"about":[{"href":"https:\/\/world2077.link\/index.php\/wp-json\/wp\/v2\/types\/page"}],"author":[{"embeddable":true,"href":"https:\/\/world2077.link\/index.php\/wp-json\/wp\/v2\/users\/1"}],"replies":[{"embeddable":true,"href":"https:\/\/world2077.link\/index.php\/wp-json\/wp\/v2\/comments?post=38"}],"version-history":[{"count":20,"href":"https:\/\/world2077.link\/index.php\/wp-json\/wp\/v2\/pages\/38\/revisions"}],"predecessor-version":[{"id":280,"href":"https:\/\/world2077.link\/index.php\/wp-json\/wp\/v2\/pages\/38\/revisions\/280"}],"wp:attachment":[{"href":"https:\/\/world2077.link\/index.php\/wp-json\/wp\/v2\/media?parent=38"}],"curies":[{"name":"wp","href":"https:\/\/api.w.org\/{rel}","templated":true}]}}