{"id":102,"date":"2022-07-05T19:36:24","date_gmt":"2022-07-05T19:36:24","guid":{"rendered":"https:\/\/world2077.link\/?post_type=product&#038;p=102"},"modified":"2023-10-21T21:58:35","modified_gmt":"2023-10-22T02:58:35","slug":"cure","status":"publish","type":"product","link":"https:\/\/world2077.link\/index.php\/product\/cure\/","title":{"rendered":"Cure +"},"content":{"rendered":"<blockquote><p>Crema para el dolor, mejora la sensaci\u00f3n de dolor y desactiva temporalmente la respuesta nerviosa en areas de dolor, no da\u00f1a los nervios<\/p><\/blockquote>\n","protected":false},"excerpt":{"rendered":"<p>Crema para el dolor, mejora la sensaci\u00f3n de dolor y desactiva temporalmente la respuesta nerviosa en lugares de dolor, no da\u00f1a los nervios, nada m\u00e1s que decir, realmente funciona, lo ha hecho desde hace diez a\u00f1os<\/p>\n","protected":false},"featured_media":103,"comment_status":"open","ping_status":"closed","template":"","meta":{"_monsterinsights_skip_tracking":false,"_monsterinsights_sitenote_active":false,"_monsterinsights_sitenote_note":"","_monsterinsights_sitenote_category":0},"product_cat":[17],"product_tag":[],"_links":{"self":[{"href":"https:\/\/world2077.link\/index.php\/wp-json\/wp\/v2\/product\/102"}],"collection":[{"href":"https:\/\/world2077.link\/index.php\/wp-json\/wp\/v2\/product"}],"about":[{"href":"https:\/\/world2077.link\/index.php\/wp-json\/wp\/v2\/types\/product"}],"replies":[{"embeddable":true,"href":"https:\/\/world2077.link\/index.php\/wp-json\/wp\/v2\/comments?post=102"}],"wp:featuredmedia":[{"embeddable":true,"href":"https:\/\/world2077.link\/index.php\/wp-json\/wp\/v2\/media\/103"}],"wp:attachment":[{"href":"https:\/\/world2077.link\/index.php\/wp-json\/wp\/v2\/media?parent=102"}],"wp:term":[{"taxonomy":"product_cat","embeddable":true,"href":"https:\/\/world2077.link\/index.php\/wp-json\/wp\/v2\/product_cat?post=102"},{"taxonomy":"product_tag","embeddable":true,"href":"https:\/\/world2077.link\/index.php\/wp-json\/wp\/v2\/product_tag?post=102"}],"curies":[{"name":"wp","href":"https:\/\/api.w.org\/{rel}","templated":true}]}}